he prime factors of 27107135?
5, 11, 97, 5081
List the prime factors of 323993.
281, 1153
List the prime factors of 1372179.
3, 457393
What are the prime factors of 1901714?
2, 47, 20231
List the prime factors of 429186.
2, 3, 233, 307
What are the prime factors of 2850858?
2, 3, 251, 631
What are the prime factors of 1699663?
7, 34687
What are the prime factors of 9357667?
11, 17, 163, 307
List the prime factors of 353505.
3, 5, 23567
List the prime factors of 494113.
43, 11491
What are the prime factors of 8370905?
5, 1674181
What are the prime factors of 336196?
2, 7, 12007
List the prime factors of 3794442.
2, 3, 179, 3533
What are the prime factors of 18914375?
5, 53, 571
What are the prime factors of 865141?
41, 21101
List the prime factors of 18256253.
743, 24571
What are the prime factors of 15069?
3, 5023
List the prime factors of 95934.
2, 3, 59, 271
What are the prime factors of 231647?
13, 103, 173
List the prime factors of 24768.
2, 3, 43
List the prime factors of 649646.
2, 37, 8779
List the prime factors of 2023006.
2, 19, 139, 383
What are the prime factors of 334983?
3, 11, 10151
What are the prime factors of 576357?
3, 23, 8353
What are the prime factors of 1025648?
2, 13, 4931
List the prime factors of 967547.
7, 67, 2063
What are the prime factors of 2450645?
5, 29, 16901
List the prime factors of 26032249.
151, 172399
List the prime factors of 18103326.
2, 3, 479, 6299
What are the prime factors of 60039?
3, 7, 953
What are the prime factors of 119651?
7, 17093
List the prime factors of 124988.
2, 31247
List the prime factors of 38960.
2, 5, 487
List the prime factors of 786318.
2, 3, 13, 17, 593
What are the prime factors of 103847?
113, 919
List the prime factors of 215287.
461, 467
List the prime factors of 1735235.
5, 23, 79, 191
What are the prime factors of 19047?
3, 7, 907
List the prime factors of 6757058.
2, 7, 11, 17, 29, 89
List the prime factors of 8555051.
8555051
List the prime factors of 58431.
3, 19477
What are the prime factors of 2276840?
2, 5, 56921
What are the prime factors of 197896?
2, 29, 853
List the prime factors of 452882.
2, 127, 1783
What are the prime factors of 650094?
2, 3, 97, 1117
What are the prime factors of 2505164?
2, 71, 8821
What are the prime factors of 37174410?
2, 3, 5, 7, 13, 17, 89
What are the prime factors of 5359179?
3, 7, 36457
List the prime factors of 1459624.
2, 182453
What are the prime factors of 411928?
2, 11, 31, 151
List the prime factors of 165509.
19, 31, 281
List the prime factors of 652564.
2, 11, 14831
List the prime factors of 963175.
5, 59, 653
What are the prime factors of 208099?
208099
What are the prime factors of 2535870?
2, 3, 5, 137, 617
What are the prime factors of 3683068?
2, 223, 4129
List the prime factors of 99989.
99989
What are the prime factors of 8527811?
1499, 5689
What are the prime factors of 772400?
2, 5, 1931
What are the prime factors of 22829594?
2, 313, 36469
List the prime factors of 374986.
2, 17, 41, 269
What are the prime factors of 206841?
3, 68947
What are the prime factors of 264357?
3, 9791
List the prime factors of 6861621.
3, 13, 175939
What are the prime factors of 4724265?
3, 5, 7, 13, 3461
What are the prime factors of 2224216?
2, 19, 14633
What are the prime factors of 169882?
2, 29, 101
List the prime factors of 6300274.
2, 43, 73259
What are the prime factors of 309219?
3, 59, 1747
List the prime factors of 3415981.
353, 9677
What are the prime factors of 17589975?
3, 5, 13, 18041
List the prime factors of 1258935.
3, 5, 17, 4937
List the prime factors of 53808.
2, 3, 19, 59
What are the prime factors of 360355?
5, 97, 743
List the prime factors of 980524.
2, 245131
List the prime factors of 4198304.
2, 11, 11927
What are the prime factors of 691207?
11, 31, 2027
What are the prime factors of 3483127?
251, 13877
List the prime factors of 308749.
7, 6301
What are the prime factors of 1668551?
1668551
What are the prime factors of 3035120?
2, 5, 11, 3449
What are the prime factors of 1160421?
3, 503, 769
What are the prime factors of 306157?
306157
What are the prime factors of 6176325?
3, 5, 82351
What are the prime factors of 27366493?
7, 11, 293, 1213
List the prime factors of 425904.
2, 3, 19, 467
What are the prime factors of 6445039?
2459, 2621
What are the prime factors of 56257?
101, 557
List the prime factors of 91395.
3, 5, 677
List the prime factors of 3862718.
2, 239, 8081
What are the prime factors of 5507533?
271, 20323
List the prime factors of 2964345.
3, 5, 83, 2381
What are the prime factors of 338453?
17, 43, 463
List the prime factors of 137102.
2, 7, 1399
List the prime factors of 9044234.
2, 1993, 2269
What are the prime factors of 1462980?
2, 3, 5, 37, 659
What are the prime factors of 1416276?
2, 3, 39341
List the prime factors of 515773.
515773
List the prime factors of 5391054.
2, 3, 53, 5651
List the prime factors of 1345927.
11, 31, 3947
What are the prime factors of 1566039?
3, 337, 1549
List the prime factors of 23924.
2, 5981
List the prime factors of 5002171.
113, 44267
What are the prime factors of 12271736?
2, 61, 25147
List the prime factors of 362011.
13, 27847
What are the prime factors of 3310214?
2, 103, 16069
What are the prime factors of 1301951?
7, 185993
What are the prime factors of 44253?
3, 11, 149
List the prime factors of 197305.
5, 39461
What are the prime factors of 2925974?
2, 701, 2087
List the prime factors of 245991.
3, 167, 491
List the prime factors of 212456.
2, 26557
List the prime factors of 880776.
2, 3, 13, 941
List the prime factors of 994608.
2, 3, 6907
What are the prime factors of 723599?
307, 2357
List the prime factors of 38797.
11, 3527
What are the prime factors of 1649018?
2, 7, 117787
List the prime factors of 123484.
2, 30871
What are the prime factors of 119876?
2, 23, 1303
What are the prime factors of 2236194?
2, 3, 41411
List the prime factors of 522688.
2, 8167
List the prime factors of 15047756.
2, 523, 7193
List the prime factors of 16587895.
5, 43, 77153
What are the prime factors of 11246423?
19, 41, 14437
What are the prime factors of 27442420?
2, 5, 17, 80713
What are the prime factors of 1452075?
3, 5, 19, 1019
What are the prime factors of 2156064?
2, 3, 37, 607
What are the prime factors of 7800608?
2, 243769
List the prime factors of 1080907.
1080907
What are the prime factors of 109776?
2, 3, 2287
What are the prime factors of 31044?
2, 3, 13, 199
What are the prime factors of 2431736?
2, 43, 7069
What are the prime factors of 11587234?
2, 17, 340801
What are the prime factors of 319528?
2, 11, 3631
List the prime factors of 157074.
2, 3, 47, 557
What are the prime factors of 176116?
2, 44029
What are the prime factors of 663884?
2, 13, 17, 751
What are the prime factors of 3314842?
2, 1657421
What are the prime factors of 14056275?
3, 5, 187417
List the prime factors of 114311.
114311
What are the prime factors of 16495480?
2, 5, 412387
What are the prime factors of 1189199?
11, 108109
List the prime factors of 136414.
2, 68207
List the prime factors of 158099.
19, 53, 157
List the prime factors of 413559.
3, 17, 53
List the prime factors of 3279104.
2, 12809
What are the prime factors of 843307?
843307
List the prime factors of 164268.
2, 3, 13
List the prime factors of 1320585.
3, 5, 7, 12577
What are the prime factors of 417342?
2, 3, 69557
What are the prime factors of 90118?
2, 7, 41, 157
List the prime factors of 372110.
2, 5, 127, 293
What are the prime factors of 156041?
156041
List the prime factors of 221336.
2, 73, 379
What are the prime factors of 1118255?
5, 139, 1609
What are the prime factors of 78341?
78341
What are the prime factors of 8806556?
2, 11, 71, 2819
What are the prime factors of 107887?
13, 43, 193
List the prime factors of 1483912.
2, 251, 739
List the prime factors of 721204.
2, 11, 37, 443
What are the prime factors of 25586?
2, 11, 1163
What are the prime factors of 40807?
13, 43, 73
What are the prime factors of 623003?
623003
List the prime factors of 1148305.
5, 83, 2767
List the prime factors of 3395419.
373, 9103
What are the prime factors of 14861966?
2, 7, 1061569
What are the prime factors of 3025906?
2, 13, 116381
List the prime factors of 5408039.
7, 13, 67, 887
List the prime factors of 